 2*p - p = x. Suppose p = -2*i - 0*i + 14. Calculate the greatest common divisor of 42 and i.
7
Suppose -2*l + 7 = -l. Let x be ((-42)/(-10))/(27/(-15) + 2). Calculate the greatest common factor of x and l.
7
Let o = 778 - 382. What is the greatest common factor of 36 and o?
36
Let p(o) = 5*o + 2. Let c be 10/(-3)*6/(-5). Suppose -4*a + c + 4 = 0. Let h be p(a). Calculate the highest common divisor of 108 and h.
12
Let t = -1 - -1. Suppose -6 = -2*g, 2*n - 2*g + 8 = 2*g. Suppose -3*u - n*u + 245 = t. What is the greatest common factor of 7 and u?
7
Let d(c) = -24*c + 1. Let z be d(-1). Let k be (1 + -2)*-30*10/3. Calculate the highest common factor of z and k.
25
Suppose -4*u + 24 = m, -20 = -7*u + 2*u. Let q(r) = 5*r**3 + 3*r**2 - 3*r + 2. Let k be q(2). Calculate the greatest common divisor of k and m.
8
Let n = 89 + -56. Calculate the greatest common factor of 297 and n.
33
Let n be (-65)/(-2) - 3/6. Suppose 0 = -2*i + 3 - 1. Let q = 5 - i. What is the greatest common divisor of n and q?
4
Let d = -19 - -41. Let i(c) = -c**2 + 16*c + 7. Let k be i(12). Calculate the greatest common divisor of k and d.
11
Let k = -486 - -1042. Let t be k/14 - 2/(-7). Calculate the highest common divisor of 5 and t.
5
Let g(j) = -j**3 - 6*j**2 + 8*j + 10. Let i be g(-7). Suppose -i*q = -15 - 27. Calculate the highest common factor of q and 126.
14
Let h = 4 + -2. Suppose s - a - a + 2 = 0, 0 = -3*s + 4*a - h. Let x be 1*1/(1/16). Calculate the highest common factor of x and s.
2
Suppose 0*u = -2*u + 18. Let f(b) = -2*b**2 + 4*b - 6. Let a be f(4). Let m = 59 - a. Calculate the greatest common divisor of m and u.
9
Let y(z) = z**3 + z**2 - 2*z + 1. Let x = -5 - -3. Let d be y(x). Suppose -u + 36 = 5*h, u = -4 + 5. Calculate the greatest common factor of h and d.
1
Let l = -188 + 328. Suppose -y = 4*t - 43, -4*y - 5*t + l = y. Let d = y - 7. Calculate the greatest common factor of 4 and d.
4
Let q = 129 + -79. Calculate the greatest common divisor of q and 30.
10
Let v = 2 + 2. Suppose 2*n + 25 = x - 32, -x + 57 = v*n. What is the greatest common factor of 38 and x?
19
Suppose -93 = -4*k + v, -k = -v - v - 18. Let c = -65 + 125. Calculate the greatest common factor of c and k.
12
Let w be (1/2)/((-4)/16). Let q = 14 + w. What is the greatest common factor of 96 and q?
12
Let b(i) = -23*i**2. Let w be b(-1). Let g be 15/(1 + w/26). Let v = g - 85. Calculate the highest common divisor of 30 and v.
15
Suppose 5 = a - 2. Suppose -a = -2*p + p. Let f be (2/6)/((-17)/(-2499)). Calculate the highest common divisor of p and f.
7
Suppose -12 + 2 = -2*u. Suppose -2*t = -2*d + 4, -6 = -3*d + u*t + 2. Let b = 8 - 6. Calculate the highest common factor of b and d.
1
Let i be 15/(-10)*(-350)/15. Suppose 3*n + 7 - 19 = 0. Let p be ((-2)/n)/((-2)/20). What is the highest common divisor of i and p?
5
Let m be 7/2 + 1/2. Suppose 0 = -x - m*x. Let g be 45 - (x/3)/3. What is the greatest common divisor of g and 18?
9
Suppose 3*t - 3*j - 37 = 284, j - 1 = 0. What is the highest common factor of 12 and t?
12
Suppose -7 = -3*y + 2. Let b be (3/6)/(y/18). Suppose 3*r + b = 27. Calculate the greatest common divisor of r and 4.
4
Let c = 15 - -1. What is the highest common factor of c and 16?
16
Let k(n) = n**2 + 9*n - 11. Let f be k(4). What is the greatest common divisor of 369 and f?
41
Let c = 5 + -11. Let u be (c/4)/((-8)/64). Calculate the highest common divisor of u and 60.
12
Let c be 2*(-1 + 34/4). What is the greatest common divisor of c and 135?
15
Let t = 5 + 7. Calculate the greatest common factor of 18 and t.
6
Let l(h) be the third derivative of h**5/60 + h**4/4 + 3*h**3/2 - 2*h**2. Let t be l(-7). What is the greatest common divisor of t and 80?
16
Suppose -5*c + 0*c = -25. Suppose -2*b + c = -u, -4*u - 3 = -4*b + 1. Calculate the greatest common divisor of u and 33.
3
Suppose -3*w - 4 = -22. Let n(g) = 19*g - 2. Let a be n(w). Calculate the highest common factor of a and 14.
14
Suppose 15 + 0 = h. Let i(d) = d**3 + 7*d**2 - d - 4. Let a be i(-7). Suppose a*k - 11 = 7. What is the greatest common factor of k and h?
3
Let w be (1 + 3/(-3))/(-2). Suppose 0 = -4*l - z + 70, w = -5*z + z - 8. Calculate the highest common divisor of l and 12.
6
Suppose 14 = -8*s + 294. Calculate the greatest common divisor of s and 35.
35
Let d be (-8)/(-36) - (-92)/(-9). Let n(m) = -5*m + 10. Let i be n(d). Calculate the highest common divisor of 24 and i.
12
Suppose 17 = 2*w + 5*q, -w + 5*q - 6*q + 10 = 0. What is the highest common divisor of 77 and w?
11
Suppose 0 = -6*d + 3*d - 15, 2*t - 3*d = 235. Let k be (2/3)/(2/(-42)). Let w = k - -24. Calculate the highest common divisor of w and t.
10
Let i = -3 - -13. What is the greatest common factor of i and 70?
10
Suppose -8*i = -4*i. Let l(s) = -s**2 - s + 25. Let m be l(i). What is the greatest common factor of m and 5?
5
Let m be (-720)/(-330) - (-1 - (-13)/11). Calculate the highest common factor of m and 6.
2
Let d = 77 + -50. Let z(a) = 2*a + 1. Let k be z(1). What is the highest common divisor of k and d?
3
Suppose 0 = 289*n - 288*n - 120. Calculate the greatest common divisor of 15 and n.
15
Let s = -10 - -5. Let g = -4 - s. Let o be -3 - (-16 - (1 - g)). Calculate the greatest common factor of o and 91.
13
Suppose -28 = 3*c - 73. Suppose 0 = 5*f - c - 0. What is the greatest common divisor of 3 and f?
3
Suppose -i = -k - 3, 3*k + 4*i - 2*i - 16 = 0. Let g be (10/(-3))/(k/(-66)). Calculate the highest common divisor of 10 and g.
10
Let b(t) = 3*t - 3. Let p be b(4). What is the highest common divisor of 3 and p?
3
Let j(c) = -3*c + 23. Let g be j(-5). What is the highest common factor of g and 19?
19
Let d be -4*(7/(-4) + -2). Suppose -2*h + d = 3*h. Suppose 0 = -4*x - 38 + 170. Calculate the greatest common divisor of h and x.
3
Suppose -4*d + 2*d - 4 = 0. Let l be (d/4)/((-3)/180). Calculate the greatest common divisor of l and 75.
15
Suppose 5*f + 3*x - 342 = 2*f, -111 = -f - 2*x. What is the highest common divisor of f and 13?
13
Suppose 2*n + 5*n = 182. Calculate the highest common divisor of 52 and n.
26
Suppose -12*i + 40 = -7*i. What is the highest common divisor of i and 8?
8
Let q = 20 - 18. Suppose 7 + 3 = 5*a. What is the highest common factor of a and q?
2
Let c(z) = -z**3 - 6*z**2 - 6*z - 24. Let q be c(-6). What is the highest common divisor of q and 156?
12
Let n = -97 + 116. What is the greatest common factor of 57 and n?
19
Let l be (0 - (-2)/(-1)) + 123. Calculate the greatest common factor of l and 11.
11
Let n be -1*(1 - 2)*2. Suppose -y - 3*k + 50 = 4*y, 3*y + 5*k - 30 = 0. Let b = y - n. Calculate the greatest common factor of b and 24.
8
Let f = -26 - -44. Calculate the greatest common divisor of f and 12.
6
Let r = -18 + 38. Calculate the greatest common divisor of r and 5.
5
Let a = 31 - 8. Calculate the highest common divisor of 184 and a.
23
Let h = 11 + -28. Let c = 20 + h. What is the greatest common divisor of 6 and c?
3
Let w = 111 - 66. What is the highest common factor of w and 9?
9
Suppose 0*q - 99 = -q. Let g be (-12)/(-2)*18/12. What is the highest common factor of q and g?
9
Let y(r) = 5*r - 7. Suppose l = 3*k - 5 - 4, 0 = -4*l - 2*k + 20. Let z be y(l). What is the highest common divisor of 8 and z?
8
Suppose 0 = -5*d + 113 + 82. What is the highest common divisor of 52 and d?
13
Let x(y) = 0*y**2 - 2*y + 1 + 8*y**2 + 2*y**2. Let p be x(1). Suppose -p = -4*w + 3*w. What is the highest common divisor of 72 and w?
9
Suppose -4*d - 56 = -2*f - 0*d, -4*f + 100 = -2*d. Let b be (2/(-4))/(4/f). Let t(x) = -6*x - 2. Let s be t(b). Calculate the highest common factor of s and 80.
16
Suppose -2*u = 59 - 95. Calculate the greatest common factor of u and 81.
9
Let f be 32/6 - 2/(-3). Let c = f + -3. Suppose 0 = -c*p - 9 + 21. What is the greatest common divisor of p and 32?
4
Let n(l) = 3*l - 17. Let u be n(7). Calculate the greatest common divisor of 1 and u.
1
Suppose 4*y - 70 = -34. What is the greatest common factor of 81 and y?
9
Let o be ((-104)/12 + 4)*-3. What is the highest common divisor of o and 21?
7
Let o be (-2652)/(-16) - (-2)/8. Suppose 228 = 4*g + 4*c, 0 = 3*g + 2*c - 4*c - o. Calculate the greatest common divisor of 7 and g.
7
Let n(v) = -v**2 - 20*v - 9. Let a be n(-11). Calculate th